*h + 2. Let k(f) = 11*w(f) - 4*x(f). Give k(g).
9
Let v be (3/(-5))/((-4)/120). Let i = 63 - v. Suppose 2*s = 11*s - i. Let l(p) = -p - 1. Calculate l(s).
-6
Let c(y) = y**2 - 9*y + 9. Let v be c(5). Let r(o) = 2*o + 26. Let h be r(v). Suppose -3*p + 1 = h. Let n(w) = -13*w**2 + 1. What is n(p)?
-12
Suppose 9*x - 574 - 191 = 0. Let j = -84 + x. Let a(h) = -9*h + 2 - 3 + 8*h. Give a(j).
-2
Let k be (12/14)/(((-5)/245)/(8/(-56))). Let c(p) = -p**3 + 7*p**2 + 6*p - 10. Give c(k).
62
Let h(b) be the second derivative of b**3/6 + 22*b**2 + 288*b. Determine h(-18).
26
Let x(f) = 3*f**2 + f + 3. Let j(l) = -7*l**2 - 3*l - 7. Let g(i) = -6*j(i) - 13*x(i). What is g(-5)?
53
Let o(m) = -m - 2. Let a(r) = r**2 - 12*r + 21. Let l be a(9). Let t be o(l). Let s(h) = -17*h + t*h + 8*h + 4*h. What is s(-1)?
1
Let f(j) = 2*j + 35. Let h(v) = -4*v - 45. Let s(o) = -6*f(o) - 5*h(o). Give s(-6).
-33
Suppose 4*c - 12 = 4. Let v(p) = -2*p + 5. Let a(r) = 4*r - 13. Let m(g) = a(g) + 4*v(g). Let f be m(c). Let q(w) = -w**3 - 9*w**2 + w + 4. What is q(f)?
-5
Let t(r) be the first derivative of r**2/2 + r - 398. Let d be (9/6)/((-6)/(-40)). Suppose 0 = -c + 6*c - d. Give t(c).
3
Let q = 10 + 20. Let n be (-24)/12*q/(-4). Let p(j) = 11 + j**2 - 9*j + j - n. What is p(8)?
-4
Let s(m) = -151*m**3 + 59*m + 15*m**2 + 3 + 73*m**3 + 79*m**3. What is s(-7)?
-18
Let r(a) be the first derivative of -a**3/3 - 5*a**2/2 - 3*a - 1. Suppose 3*o - 2*o + 5*i - 34 = 0, 0 = 2*i + 2. Suppose 0 = -38*v + o*v + 5. Calculate r(v).
-3
Let f(m) = m**3 + 2*m**2 + 4. Suppose 4*j + j + 20 = 0. Let b be -55*((-22)/15 - j/6). Let i = b + -47. Determine f(i).
-5
Let g(k) = -4*k - 18. Let h(c) = c - 24. Let a be h(19). What is g(a)?
2
Suppose 51*l - 2675 + 1094 = 0. Let o(r) = -27*r + 844. Give o(l).
7
Let i(r) = 12*r - 8. Let z(h) = -21*h + 11. Let x(w) = 5*i(w) + 3*z(w). What is x(6)?
-25
Let i(h) = -19*h**2 + 11*h + 9. Suppose 3*x = 104 - 95. Let d(r) = 7*r**2 - 4*r - 3. Let p(v) = x*i(v) + 8*d(v). Determine p(4).
-9
Let g(b) = -9*b - 16 - b**3 - 7*b**2 + 20*b**2 + 27 + 5 + 3. Give g(13).
-98
Let f(m) be the first derivative of -m**2 - 9*m + 1/3*m**3 + 9. Determine f(4).
-1
Let g = -13339 - -13335. Let w(h) = 7*h**3 + 28*h**2 - 6. Give w(g).
-6
Let x(a) = 944746 + a**3 - 4*a - 944713 + 0*a - 10*a**2. Give x(10).
-7
Suppose 0 = -5*b - 2*k + 35, 13*b - 10*b - 42 = 3*k. Let t(m) = 8*m - 68. Determine t(b).
4
Let u(m) = 5*m**2 - 12*m + 20. Let n(i) = i**2 + 2. Let b(a) = 4*n(a) - u(a). Suppose 4*p - 22 = -3*j, 3*j - 4*p = j + 28. Give b(j).
8
Let f be (-3968)/(-6) + (-6)/(-36)*-2. Let i(a) = -329*a**2 + f*a**2 - 7*a - 1 - 333*a**2. Calculate i(-4).
11
Let r(t) = 5*t**2 - 50*t + 3. Let w be r(10). Suppose j = q, w*j - 7*j = -5*q + 3. Let h(m) = -m**2 - m - 1. What is h(j)?
-13
Let g be -1 + (20/15 - (-3957)/9). Suppose -11*s - g = -51*s. Let q(d) = d - 2. What is q(s)?
9
Let k(w) = 217*w + 1090. Let c be k(-5). Let b(t) = -19*t - 19*t + 2 + 41*t - t**2. Give b(c).
-8
Let x be 4/10 + (-136)/(-85). Let m(f) = 8*f**2 - 1 + 7*f + 0*f**x - 12*f**2 + f**3. Let r be m(2). Let s(n) = -2*n**2 + 5*n + 5. Calculate s(r).
-20
Let q(z) = -z**2 + 5*z + 6. Let c be q(5). Let y = 249 - 247. Let s(j) = -6*j - 25*j**3 - j**3 + 25*j**3 + 0*j + y + 7*j**2. What is s(c)?
2
Let b(n) = n**2 + 10*n + 3. Let v(g) be the third derivative of g**5/30 - 29*g**4/24 - 26*g**3/3 + 18*g**2. Let p be v(16). Determine b(p).
-21
Let z(r) = 2*r - 2*r**2 + 0 - 4*r + 2. Let n be 2/3*1248/(-416). Determine z(n).
-2
Let k(r) = -9*r**2 + 120*r - 9. Let q(w) = 4*w**2 - 51*w + 4. Let y(d) = -3*k(d) - 7*q(d). Determine y(-2).
1
Let v(r) = -r**2 - 2*r + 4. Let i be 768/14 + (-3 - 22/(-7)). Let w = i + -75. Let t(y) = y**2 + 21*y + 23. Let o be t(w). What is v(o)?
-11
Let f(u) be the second derivative of 1/12*u**4 + u**2 - 63*u + 0 + 1/10*u**5 + 1/2*u**3. Give f(-1).
-2
Let x = -346 - -352. Suppose 4*z - 22 = -z - 4*q, -z = -q + 1. Let y(t) = -9*t + 11*t + t**3 - x*t**z + 3*t + 0*t**2. Calculate y(5).
0
Let v(k) = k**2 + 13*k - 3. Let j = 383 + -308. Let r be 1/((-7)/(j + -5)). Determine v(r).
-33
Suppose 11 - 24 = u. Let w = u - -15. Let q(s) = 2*s**2 - 4*s + 4. What is q(w)?
4
Let v(q) = 31*q - 4*q**2 - q**3 - 5*q + 6*q - 7 - 15*q - 11*q. Give v(-6).
29
Let r(i) = -13*i**2 - 2*i + 10. Let x(h) = -19*h**2 - 3*h + 16. Let g(a) = 8*r(a) - 5*x(a). Let s = 38 - 35. Suppose 0 + 3 = -s*o. Give g(o).
-8
Let l(j) = -j - 4. Suppose s - 443 + 425 = 2*y, -s - 5*y = 24. Determine l(s).
-10
Suppose -3*d - 9 = 0, -30 + 4 = -2*y + 4*d. Let a(g) = -1 - 8*g + 6*g + 3 - y*g. Suppose 553*o - 773*o + 660 = 0. What is a(o)?
-25
Let s(p) = 806*p + p**3 + 4*p**2 - 3 - 821*p - 13 + 9*p**2. Determine s(-14).
-2
Let t be (-15)/(0 - (-6)/(-80)). Suppose z = -3*z + t. Suppose 15*p - z = 5*p. Let n(s) = -s**3 + 5*s**2 - 2*s + 3. What is n(p)?
-7
Let z(o) be the third derivative of o**5/20 - o**4/24 - o**3/3 + o**2. Let n = -1607 - -1607. Suppose 2*i = -4*s + 6, 4*i + n*s = -5*s + 12. Calculate z(i).
22
Let f(z) = -z**3 - 8*z**2 + 9. Let c = 35512 - 35512. Determine f(c).
9
Let a(h) = -5*h - 784 + 788 - h**2 + 25*h. Determine a(21).
-17
Let g(z) = 3*z + 42. Let d(m) = -14*m - 188. Let a(l) = 2*d(l) + 9*g(l). Let b = 6 - 4. Calculate a(b).
0
Let t(h) = -5012 - h**2 - 21*h + 10044 - 5014. Give t(-22).
-4
Let l(d) = -d - 2. Let v(n) = n**3 + 8*n**2 + 8*n + 12. Let s be v(-7). Suppose -u - 1 = -0*u + r, u - s*r - 29 = 0. Suppose 0 = 3*m - u*m. Give l(m).
-2
Let w = 286 + -281. Suppose -w*i + 4*j + 21 = 0, 5*j = 14*i - 19*i + 30. Let k(t) = 2*t**2 - 5*t - 2. Give k(i).
23
Let y(k) be the second derivative of -2*k**3/3 + k**2 - 82*k - 1. Let p(n) = n**2 + 4*n. Let b be p(-5). Calculate y(b).
-18
Let q(d) = d**2 + 2*d - 1. Suppose -15*c = -2*c + 2665. Let w = -207 - c. Determine q(w).
-1
Let w(b) = b**3 + 7*b**2 + 6*b + 6. Suppose 13 = -4*a - 5*g - 15, -4*a - 3*g - 20 = 0. Let r(z) = -2*z**2 - 11*z - 20. Let d be r(a). Calculate w(d).
6
Let b be 7*1 + (-147)/(-49). Let c(d) = d**3 + d**2 + 1. Let i(v) = 2*v**3 + 13*v**2 - v + 12. Let r(p) = -3*c(p) + i(p). Give r(b).
-1
Let s(d) be the second derivative of -d**4/12 + d**3 - d**2/2 + 5817*d. Suppose 2*n + 5*v - 17 = 0, -5*n + 0 = -5*v - 25. Determine s(n).
-1
Suppose -1389*c + 39 = -1402*c. Let y(q) = -3*q**2 - 4*q + 14. Determine y(c).
-1
Suppose -5 - 9 = -7*b. Let u(m) be the first derivative of -m**2 - 4 + 0*m + 4/3*m**3 - 3/4*m**4. What is u(b)?
-12
Let m(u) = 3*u**2 - 20*u + 9. Let j be m(6). Let y be 0 + (-99)/(j + 0). Let s = 28 - y. Let i(c) = c**2 + 4*c + 6. Calculate i(s).
11
Let n(q) = -2*q - 147. Let w(j) = 2*j + 129. Let h(c) = -6*n(c) - 7*w(c). Determine h(-5).
-11
Let l = -3133 + 3117. Let i(f) = -f**2 - 18*f - 28. Calculate i(l).
4
Let f(r) = -6*r + r**3 + 0*r**3 - 4*r**2 - 2 - 2. Let x(z) = 2*z + 29. Let k be -3 + 117/(-12) + 3/4. Let j be x(k). Give f(j).
-9
Suppose 3235*l = 3249*l - 140. Let d(v) = -9*v - 10. Let k(o) = 125*o + 140. Let t(g) = -55*d(g) - 4*k(g). Determine t(l).
-60
Let j = -81 + 83. Suppose 4*b + 8 = -j*x, 2*b - 28 = -3*x + 4*b. Let l(p) = -6 - 1 - p**2 + p + 4*p. Give l(x).
-13
Suppose 0 = 7*f - 2*f + 2*d, -f - 4*d = 0. Let h(i) = 3 - 2*i + f*i + i. Let a(r) = -r - 10. Let s be a(-5). Give h(s).
8
Let o be (1 - (0 - 2))/(51/136). Let l(q) = -6*q + o - 9 - 5 - 3. Give l(-2).
3
Let a(t) = 10*t**2 + 15*t + 14. Suppose 5*l = -20, 66*m - 70*m - 24 = 5*l. Determine a(m).
9
Let u(m) = m**3 - 5*m**2 + 2*m - 1. Let s be u(5). Suppose -8*q = -11*q + s. Let t(p) = -1 + p**2 + 0*p**3 - 8*p**3 - 7*p**q + 4*p**3. Calculate t(-1).
11
Let l(n) = n**2 + n - 6. Let i be (12/(-8))/((-6)/80). Suppose -2*c - 2*s = -s + 10, 4*c = 2*s - i. What is l(c)?
14
Let z = 13 - 10. Let a be 0/((-2)/(z/3)). Let n(f) = -f**2 + 7*f + 2. Let q(b) = -3*b**2 + 20*b + 6. Let v(r) = -17*n(r) + 6*q(r). Calculate v(a).
2
Let d(t) = -t**2 + 20*t + 12. Let p be d(16). Let y(j) = -5*j + 76 - p + 0*j. Let n = -21 - -22. Give y(n).
-5
Let i(h) be the first derivative of -7*h**2/2 + 8*h - 212. Let v(a) = -3*a + 6. Let t(k) = -2*i(k) + 5*v(k). What is t(20)?
-6
Let p(t) = t**3 - 25*t**2 + t - 45. Suppose -34 = 35*m - 36*m - v, 5*m - 4*v = 89. Give p(m).
-20
Let z(a) = 94*a - 140*a + a**2 + 73*a + 165 - 187. What is z(-24)?
-94
Let y(n) = 5*n